t of 49610687?
6
What is the units digit of 50101286?
6
What is the millions digit of 1839170878?
9
What is the ten thousands digit of 47745706?
4
What is the ten millions digit of 590983925?
9
What is the ten millions digit of 68991414?
6
What is the hundred millions digit of 913491519?
9
What is the millions digit of 19884704?
9
What is the hundred thousands digit of 10383497?
3
What is the hundreds digit of 207188113?
1
What is the thousands digit of 95041729?
1
What is the thousands digit of 22649917?
9
What is the millions digit of 5330632563?
0
What is the hundred millions digit of 3408232621?
4
What is the ten thousands digit of 2353023611?
2
What is the hundreds digit of 1914259671?
6
What is the millions digit of 2143377?
2
What is the millions digit of 23492779?
3
What is the tens digit of 84215411?
1
What is the tens digit of 136116662?
6
What is the hundreds digit of 153633428?
4
What is the hundreds digit of 11983815?
8
What is the hundred millions digit of 3502211573?
5
What is the hundred millions digit of 309322341?
3
What is the hundred thousands digit of 6567753?
5
What is the tens digit of 625212192?
9
What is the millions digit of 1319984443?
9
What is the ten thousands digit of 156860865?
6
What is the ten thousands digit of 2234592299?
9
What is the tens digit of 1589409017?
1
What is the units digit of 96658783?
3
What is the ten millions digit of 67809877?
6
What is the thousands digit of 974909048?
9
What is the millions digit of 119614727?
9
What is the ten millions digit of 15640717?
1
What is the hundreds digit of 3031524765?
7
What is the billions digit of 5923063194?
5
What is the ten thousands digit of 2037754022?
5
What is the units digit of 38832543?
3
What is the tens digit of 3795143401?
0
What is the hundreds digit of 137002970?
9
What is the hundred millions digit of 444854895?
4
What is the thousands digit of 323663374?
3
What is the hundred millions digit of 1780442047?
7
What is the hundred millions digit of 331019457?
3
What is the hundred millions digit of 273810806?
2
What is the ten millions digit of 362799206?
6
What is the units digit of 1440015603?
3
What is the ten millions digit of 56962267?
5
What is the millions digit of 126811516?
6
What is the ten millions digit of 273432172?
7
What is the hundred thousands digit of 17057862?
0
What is the ten thousands digit of 36042968?
4
What is the billions digit of 1669814935?
1
What is the thousands digit of 220216426?
6
What is the thousands digit of 3987337881?
7
What is the hundred millions digit of 2967275387?
9
What is the thousands digit of 42845433?
5
What is the units digit of 1210304129?
9
What is the units digit of 12492198?
8
What is the hundred thousands digit of 257015927?
0
What is the hundreds digit of 869398325?
3
What is the ten millions digit of 18062073?
1
What is the tens digit of 2019427?
2
What is the hundred thousands digit of 18566777?
5
What is the ten thousands digit of 92490903?
9
What is the millions digit of 239087536?
9
What is the hundreds digit of 1955603?
6
What is the units digit of 449422172?
2
What is the ten thousands digit of 11620440?
2
What is the hundred thousands digit of 194302764?
3
What is the units digit of 724745443?
3
What is the hundred thousands digit of 16236780?
2
What is the thousands digit of 74032644?
2
What is the tens digit of 116070056?
5
What is the hundred millions digit of 608688655?
6
What is the hundred thousands digit of 1974353651?
3
What is the ten millions digit of 238834164?
3
What is the hundred millions digit of 109001883?
1
What is the millions digit of 75458101?
5
What is the hundred thousands digit of 465366149?
3
What is the millions digit of 716410976?
6
What is the units digit of 314111521?
1
What is the ten millions digit of 7270624496?
7
What is the hundred millions digit of 5061002220?
0
What is the units digit of 46069472?
2
What is the millions digit of 452187873?
2
What is the hundreds digit of 837061722?
7
What is the hundred millions digit of 100361273?
1
What is the tens digit of 904034840?
4
What is the millions digit of 58003576?
8
What is the ten thousands digit of 2321481719?
8
What is the hundred thousands digit of 3522532898?
5
What is the thousands digit of 1216687392?
7
What is the hundreds digit of 44594594?
5
What is the hundreds digit of 63525798?
7
What is the tens digit of 1210537895?
9
What is the millions digit of 3865035494?
5
What is the hundreds digit of 216933048?
0
What is the millions digit of 69174436?
9
What is the hundreds digit of 420433042?
0
What is the millions digit of 1965961474?
5
What is the ten millions digit of 242508515?
4
What is the hundred thousands digit of 209137815?
1
What is the units digit of 5846209066?
6
What is the thousands digit of 3170920?
0
What is the hundred thousands digit of 435790379?
7
What is the hundred millions digit of 2591276756?
5
What is the units digit of 253400?
0
What is the billions digit of 1172842808?
1
What is the hundreds digit of 188223851?
8
What is the thousands digit of 1641823602?
3
What is the hundreds digit of 1440875708?
7
What is the ten millions digit of 153086769?
5
What is the units digit of 145449065?
5
What is the ten millions digit of 86257325?
8
What is the ten millions digit of 33271526?
3
What is the hundreds digit of 521062973?
9
What is the hundred millions digit of 2045554655?
0
What is the hundred millions digit of 1696165094?
6
What is the ten millions digit of 343904556?
4
What is the tens digit of 296525874?
7
What is the hundred thousands digit of 110988163?
9
What is the units digit of 20131470?
0
What is the hundreds digit of 83185582?
5
What is the millions digit of 128178920?
8
What is the ten millions digit of 189384471?
8
What is the units digit of 71232772?
2
What is the tens digit of 48760289?
8
What is the hundred millions digit of 2238251794?
2
What is the hundred millions digit of 749221800?
7
What is the units digit of 14430028?
8
What is the hundred thousands digit of 35937688?
9
What is the ten thousands digit of 9888979?
8
What is the hundred millions digit of 243131700?
2
What is the ten millions digit of 2992829909?
9
What is the units digit of 1993273217?
7
What is the millions digit of 22844394?
2
What is the thousands digit of 149591027?
1
What is the hundreds digit of 804528397?
3
What is the hundred millions digit of 1138369748?
1
What is the thousands digit of 3018016?
8
What is the units digit of 4536790740?
0
What is the hundred millions digit of 1875272813?
8
What is the tens digit of 57402700?
0
What is the hundred thousands digit of 67036215?
0
What is the millions digit of 847767036?
7
What is the millions digit of 426920615?
6
What is the tens digit of 161476031?
3
What is the thousands digit of 2713564872?
4
What is the thousands digit of 16521304?
1
What is the thousands digit of 26487669?
7
What is the ten thousands digit of 183349881?
4
What is the units digit of 1813229211?
1
What is the thousands digit of 81232790?
2
What is the ten millions digit of 21402581?
2
What is the thousands digit of 210473174?
3
What is the hundred thousands digit of 5198749641?
7
What is the hundred thousands digit of 293796014?
7
What is the hundred millions digit of 4653702615?
6
What is the tens digit of 140758055?
5
What is the thousands digit of 789013004?
3
What is the millions digit of 62661019?
2
What is the ten thousands digit of 74557945?
5
What is the tens digit of 1957457944?
4
What is the tens digit of 157897484?
8
What is the ten millions digit of 1104312536?
0
What is the units digit of 1923246345?
5
What is the hundred millions digit of 115491899?
1
What is the millions digit of 426135349?
6
What is the millions digit of 133768813?
3
What is the hundred millions digit of 614979200?
6
What is the hundred thousands digit of 4535248912?
2
What is the hundreds digit of 348709118?
1
What is the hundred thousands digit of 166978535?
9
What is the hundred thousands digit of 33152323?
1
What is the thousands digit of 111701012?
1
What is the millions digit of 27057132?
7
What is the billions digit of 2933570580?
2
What is the thousands digit of 30757090?
7
What is the hundred thousands digit of 5172504593?
5
What is the thousands digit of 811363707